 be -30*8/60*3. List the prime factors of b(n).
2, 13
Let k = 45 - 42. Suppose -k*n + 5*u + 71 = 0, 31 = -3*n - 5*u + 122. What are the prime factors of n?
3
Let x = 928 - 764. List the prime factors of x.
2, 41
Let s be ((-405)/(-30))/(1/(-4)). List the prime factors of (-4)/6 - 16/(-6) - s.
2, 7
Let i(f) = 2*f + 13. Let v(z) = 3*z + 14. Let l(q) = 4*i(q) - 3*v(q). Let b be l(15). What are the prime factors of b + 7 - 0/1?
2
Let u = 778 - 168. What are the prime factors of u?
2, 5, 61
Let a(o) = o**3 - 5*o**2 + 7*o - 10. Let l be a(4). Suppose -190 = -2*y + 3*c - 0, l*y - 218 = -4*c. What are the prime factors of y?
101
Suppose -3*s + 32 = 29. What are the prime factors of s/(-2) + (-2538)/(-36)?
2, 5, 7
Let q be (1 - 3) + 4 + 131. Suppose 4*x - 59 = q. Suppose o - x = -5*u, -131 = -5*o + 2*o - 2*u. What are the prime factors of o?
43
Let r = 3159 + -875. What are the prime factors of r?
2, 571
Let z be 13 - (-3 - 24/(-4)). Suppose -n + 4*r + 54 = 0, 34 = n - 2*r - z. Suppose 4*y + 62 = 2*x, -2*y = -2*x - 5*y + n. What are the prime factors of x?
23
Suppose -4*s - 8 = 0, 3*d + 3*s = s + 8. Suppose d*q = 353 + 203. What are the prime factors of q?
139
Suppose 2*g = -11 + 95. Suppose g = j + j. Suppose 0 = -2*s + j + 11. What are the prime factors of s?
2
Let k = -10 - -72. Suppose h = -2*q + 77, -4*h + k = 4*q - 98. List the prime factors of q.
37
Suppose -2135 = 4*i - 9*i. List the prime factors of i.
7, 61
Let n = 2476 + -2318. What are the prime factors of n?
2, 79
Suppose 5*v - 3081 - 9599 = 0. What are the prime factors of v?
2, 317
Let r(b) = 2*b**2 + 6*b + 8. Suppose -2*i - i - 15 = 0. List the prime factors of r(i).
2, 7
Let h(b) = -20*b + 415. List the prime factors of h(-32).
5, 211
Let z(t) = t**2 + 6*t - 3. Let x be z(-7). List the prime factors of -1 - 8/x - -22.
19
Let i be (-3)/(-9) - (1 - 4/6). Suppose -r + g = -72, i = -3*r - 0*r + 2*g + 215. What are the prime factors of r?
71
Suppose -2*a + 4 = -0. Suppose v - 24 = -a*v. Let s(b) = -b**2 + 12*b - 11. What are the prime factors of s(v)?
3, 7
Suppose 3*d - 1421 - 1495 = 0. List the prime factors of d.
2, 3
Let c(g) = 2*g**3 - 10*g**2 - 6*g - 2. Let y(a) = -4*a - 2. Suppose 0 = 6*r - 2*r + 8. Let j be y(r). What are the prime factors of c(j)?
2, 17
Suppose 2*x - 4202 = -4*r, -5*r = -2*x + 6669 - 2512. What are the prime factors of x?
3, 17, 41
Suppose -66*d = -64*d - 1212. What are the prime factors of d?
2, 3, 101
Let m = -11 + 26. Suppose 0 = -d + m - 11. List the prime factors of 4/d - 0 - -25.
2, 13
Let z = 18 + -104. Let t = 20 - z. List the prime factors of t.
2, 53
Suppose 3*x + f = -4*f + 10823, -4*f - 14452 = -4*x. What are the prime factors of x?
23, 157
Let n(o) = 11*o + 242. List the prime factors of n(32).
2, 3, 11
Let h(i) = 228*i - 33. List the prime factors of h(2).
3, 47
Suppose -2*m + 1276 - 126 = 0. What are the prime factors of m?
5, 23
Let c = -4 - 11. Let q = -34 - c. Let z = -7 - q. List the prime factors of z.
2, 3
Let y be (1 + 0)/((-14)/1582). Let x = 49 + y. Let b = 10 - x. What are the prime factors of b?
2, 37
Let n be -1*5 - 40/(-2). Let u be (-34)/(-6) + (-1)/(-3). Let w = n + u. List the prime factors of w.
3, 7
What are the prime factors of 90/150 - 534/(-10)?
2, 3
Let v(s) = -135*s**2. Let f(u) = -5*u**2. Let t(p) = 55*f(p) - 2*v(p). Let w be t(-1). Let o(l) = -l**2 - 6*l + 4. List the prime factors of o(w).
3
List the prime factors of 1 + (-3 + (5 - -1) - -575).
3, 193
Suppose -2*b = 3*b - 5*v - 35, -b - 4*v = -7. Suppose -152 = -9*s + b*s. Suppose 3*y = t - 8 - 0, 0 = -4*t + y + s. List the prime factors of t.
2, 5
What are the prime factors of 2238/(-8)*(-30 + 22)?
2, 3, 373
Let l(b) = 31*b**2 - b - 1. Suppose 4*x - 58 + 54 = 0. List the prime factors of l(x).
29
Suppose 0 = -2*b + 7*b - 16940. List the prime factors of 1*b/21 + (-2)/6.
7, 23
Suppose 4*l - 3*l = 4. Suppose 7 - 31 = l*v. List the prime factors of (-22)/((0 - -3)/v).
2, 11
Suppose 5*l - x - 2203 = 0, 6*x = 2*l + 5*x - 880. List the prime factors of l.
3, 7
Let h = 38 - -739. What are the prime factors of h?
3, 7, 37
Let p = -146 + 356. List the prime factors of p.
2, 3, 5, 7
Suppose 2*n - 30*r - 727 = -27*r, -5*n + r + 1811 = 0. List the prime factors of n.
2, 181
Suppose 6 = 7*n - 8. Let a be n/(92/(-94) - -1). Let v = a - 65. List the prime factors of v.
29
Let a = 1199 - -135. List the prime factors of a.
2, 23, 29
Suppose 0 = -3*r + 431 - 17. Let y be r/(-33) - 8/(-44). List the prime factors of (-89)/y + 3/(-12).
2, 11
Let n = 1963 - 1351. What are the prime factors of n?
2, 3, 17
Let m(k) = -k**2 + 10*k + 4. Let v = 15 - 5. Let n be m(v). What are the prime factors of n/(-3)*(-30)/4?
2, 5
Let n(r) = -r + 5. Let w(k) be the second derivative of 2*k**3/3 - 7*k**2 + k. Let h(q) = 7*n(q) + 2*w(q). List the prime factors of h(7).
2, 7
Suppose -4*t + k = -17, -4*k - 26 = -0*t - 2*t. List the prime factors of t.
3
Let o(d) = 20*d**3 - 9*d + 10. What are the prime factors of o(2)?
2, 19
Suppose 1995 = 11*d - 4330. What are the prime factors of d?
5, 23
Let i(n) = -4 - 9*n + 19*n - 11*n. List the prime factors of i(-7).
3
Suppose 0 = 4*z - 16, 2*a = a - 3*z + 7. What are the prime factors of (-4 + 0)*a + -3?
17
Let n be 2 + (125 - (-2 - -3)). Suppose -9 = -3*o + s, -5*o + 0*s - 2 = 4*s. Suppose 5*l + r = n, 3*l + o*l - 5*r = 150. List the prime factors of l.
2, 13
Let a(k) = 2*k + 12. Let y be a(-5). Suppose 23 - 3 = q + 5*f, 8 = 4*q + y*f. Let p = q + 2. What are the prime factors of p?
2
Suppose n - i = 78, 141 = 2*n + 5*i + 13. Suppose 131*m - 228 = 137*m. Let u = n + m. List the prime factors of u.
2, 3
Suppose -4*k - 3*q = -3205 + 1027, 0 = q - 2. What are the prime factors of k?
3, 181
Let v = 14 - 23. Let n = 7 + v. List the prime factors of 11 - 9/(-1 + n).
2, 7
List the prime factors of 0/5 + 19*1.
19
Suppose -f - 2*p - 30 = -214, 3*f = -p + 542. List the prime factors of (f/(-25))/(3/(-15)).
2, 3
Let n(h) be the second derivative of -h**5/20 - h**4/3 + h**3/6 + 3*h**2 - 2*h. Let s be n(-3). List the prime factors of 9/(-27)*(0 + s).
2
Suppose 2025 = h + 4*l, 3*l = 10 - 1. List the prime factors of h.
3, 11, 61
Let c = 4134 - 2166. What are the prime factors of c?
2, 3, 41
Suppose -d - 5*l + 6476 = 0, -13*d + 17*d = -3*l + 25836. List the prime factors of d.
2, 3, 269
Let j(c) = c**2 + 11*c + 363. List the prime factors of j(0).
3, 11
Let v(j) = j**3 + 19*j**2 + 13*j + 4. Suppose -54 = 20*u - 17*u. What are the prime factors of v(u)?
2, 47
Suppose -5*i + 4 = -4*i. Suppose -4*c = i*r + 32, -4*c = r + r + 22. Let t(y) = -5*y + 2. What are the prime factors of t(r)?
3
Let w(b) = -15*b - 7*b**2 + 11*b**2 + 11*b**2 + 3*b - 43. List the prime factors of w(-4).
5, 7
Suppose 0 = 2*s - 2*c - 4292, 12*s - 14*s = -5*c - 4301. List the prime factors of s.
2143
Suppose 16 + 15 = 4*h - 3*c, -2*c = 4*h - 26. Suppose 5*q + h = 667. Suppose o + 2*o - q = 0. List the prime factors of o.
2, 11
Suppose -7*o + 2*o = 4*z + 16, 2*z - 2*o + 8 = 0. What are the prime factors of ((-4)/1)/z*(5 + 0)?
5
Let x(u) = 4*u**3 + 4*u**2 - 11*u - 7. What are the prime factors of x(5)?
2, 269
Suppose -9*c = -4*c. Suppose -2*q + c + 4 = 0. Suppose 4*m - d = 12 + 70, 5*m - q*d - 104 = 0. What are the prime factors of m?
2, 5
Let t(u) = -15*u**3 + u**2 - 2*u - 4. Let h be t(-2). Let c be h + (3 + -1 - -1). Let a = c + -67. List the prime factors of a.
2, 3, 5
Suppose 15*l = 8*l + 5684. What are the prime factors of l?
2, 7, 29
Suppose 3*j + 9 = 0, 0*j + 2*j = p - 8. List the prime factors of 0 + (1/p)/(2/1012).
11, 23
Suppose -y - 5*m - 40 = 0, -19 = 3*y - m + 133. Let b = y - -127. What are the prime factors of b?
7, 11
Let r = -10 + 8. Let n(c) = c**2 + 2. Let m be n(r). What are the prime factors of ((-6)/9)/((-1)/m)?
2
Suppose -k + 5*d = -0*k, 5*d = -2*k. Suppose k*y = -5*y + 1115. Suppose -5*z + 5*s - y = -588, -4*z - 2*s = -268. What are the prime factors of z?
3, 23
Suppose -71*m = -122309 - 125907. List the prime factors of m.
2, 19, 23
Let i(p) = p**2 - p + 6. Let x = -2 + -2. Let n be i(x). Suppose -3*y + 92 = n. List the prime factors of y.
2, 11
Suppose -2*c - 2*s - 8 = 2*s, 0 = -4*c - 4*s - 20. Let x be (8/c)/(5/(-30)). List the prime factors of 77/4 + (-2)/x.
19
Let b(m) = -m - 3. Let w be b(